ue
Suppose 3*c = 3*y + 10642 + 22505, 0 = y - 4. Is c a prime number?
False
Let u(s) = -82*s**2 - 12*s + 5. Let z(m) = -83*m**2 - 12*m + 6. Let j(x) = -5*u(x) + 4*z(x). Is j(-5) prime?
True
Let a(p) be the second derivative of p**3/6 - 11*p**2/2 - 3*p. Let d be a(14). Suppose -4*c + 455 = d*w, -c + 0*c = -3*w + 430. Is w a prime number?
False
Suppose 208*u + 291929 = 219*u. Is u prime?
True
Suppose 0 = -19*q + 16*q - 9. Let x(t) = t**2 - t - 1. Let k(j) = -13*j**2 + 9*j + 4. Let g(d) = -k(d) - 6*x(d). Is g(q) a composite number?
True
Suppose -5*i = -4*f + 57, -4*i + 3 = f - 9*i. Let h(n) = -n**3 + 18*n**2 + 24*n - 35. Is h(f) prime?
True
Let q(a) = a**2 + a + 2. Let d be q(0). Suppose n - d*n = 0. Suppose 5*s + 2*h - 183 = n, -h = -2*s - 3*s + 186. Is s a prime number?
True
Let o(b) = -4*b**2 - 6*b. Let r be o(-3). Is 11/((-132)/r) - 3230/(-4) composite?
False
Suppose 2*h - 17072 = 91370. Is h a prime number?
False
Let g = 10033 + 724. Is g composite?
True
Let v(f) = 3*f - 5. Let c be v(3). Suppose -c*o - 4788 = -4*l, -2*l + 2801 = 2*o + 423. Is l prime?
True
Let u(l) = -26*l + 11*l + 16*l - 6. Let f be u(4). Is (1 + f)*(-38)/2 prime?
True
Let c = 8140 - 5747. Is c prime?
True
Let d(y) = -y**3 - 21*y**2 + 10*y + 27. Is d(-22) prime?
False
Let x = 1848 - 685. Is x prime?
True
Let l = -354 + 2387. Is l prime?
False
Let b(a) = 4*a**3 - 3*a**2 - 7*a - 6. Let n(f) = 2*f**3 - 2*f**2 - 3*f - 3. Let r(g) = 4*b(g) - 9*n(g). Let o be r(3). Suppose 6*h - 4*h - 74 = o. Is h prime?
True
Suppose -7*x - 140 = -3*x. Let n = 292 + x. Is n composite?
False
Let t(q) = -q**3 - q**2 + 18*q - 19. Is t(-10) a composite number?
False
Let v(z) = z**3 + 5*z**2 - 8*z - 9. Let c be v(-6). Suppose -2*i + 5*j + 296 = 0, c*i - 103 - 330 = 2*j. Is i a composite number?
True
Is (6 + -7 + 8)*470/14 composite?
True
Let m be 1 + 2 + 0 + (-330 - 4). Let z = m + 666. Is z a prime number?
False
Suppose 0 = -z + 5*z + 4*y, 0 = 2*z - 3*y + 15. Is -2*((-5685)/(-10))/z a composite number?
False
Suppose 3*q = -j + 1954, 1219 + 741 = j + 5*q. Suppose 0 = -0*b - 5*b + j. Is b composite?
False
Let g be (-2)/(-13) + (-74)/(-26). Suppose -7*o + 2*o + 2107 = -g*r, 5*o - 5*r - 2105 = 0. Suppose -j + 824 = 3*j - l, 2*j - 3*l = o. Is j prime?
False
Let z(t) = 5*t**3 + 3*t**2 - 3*t - 1. Let u be z(-4). Suppose -3*q = 3*g - 1296, 4*g - 1298 = 2*q - 5*q. Let h = u + q. Is h prime?
False
Suppose 0 = d - 4 + 1. Suppose -4*y + 2564 = -d*g, -2*y = -y + g - 641. Is y a composite number?
False
Let l = 23243 - 7644. Is l prime?
False
Let h = 514 + -289. Let u(l) = l**2 + 5*l + 6. Let p be u(-4). Suppose 0 = p*f + f + 4*b - h, 3*f = b + 210. Is f a prime number?
True
Let n(q) = -3*q**2 + 6*q**3 - 7*q**3 - 4*q**2 + 15*q + q**2 + 6. Is n(-11) a prime number?
False
Suppose 0 = 3*b - 15. Let f be (-712)/b*(-45)/6. Suppose -6*i + f = -2*i. Is i a prime number?
False
Let m(z) = z**3 + 4*z + 1745. Is m(0) prime?
False
Let r be (16/(-12))/((-4)/(-498)). Let x = r - -311. Is x composite?
True
Suppose 16 = 4*h + h - 4*q, 0 = 5*h - q - 4. Suppose x = h, -x = 3*g - 3*x - 1425. Suppose 3*s = 4*y + g, 3*s + 5*y - 211 = 282. Is s composite?
True
Suppose -4*t + 2994 = 5*w, 4*w + 2197 + 1566 = 5*t. Is t composite?
False
Let v = -22 - -26. Suppose 3*q - v*r - 24 - 269 = 0, -4*q + 382 = -r. Is q a composite number?
True
Let q be -6*5/(10/(-37)). Suppose 4*n + 2*w - 804 = 0, -n + 5*w + 68 = -q. Is n prime?
True
Let h(o) = o**3 - 18*o**2 + o - 20. Let w be h(18). Is -4 + w/(-4)*3254 a composite number?
True
Suppose 5*h - 1881 = 729. Let u be (-4)/(-10) + h/(-5). Let v = u + 223. Is v a composite number?
True
Let z = -24 - -32. Suppose -2 = 3*q - z. Suppose -15 = -7*j + q*j. Is j a composite number?
False
Let d(i) = 21*i**2 - 15*i + 61. Is d(14) prime?
True
Let d(b) = b**3 + 31*b**2 - 52*b - 41. Is d(-26) a prime number?
True
Suppose -3*q = -2*g - q + 12, 20 = -5*q. Is 2/(-3)*(-471)/g composite?
False
Suppose -132*t + 253249 = -115*t. Is t a prime number?
True
Suppose -4*j + 5957 - 37714 = -5*k, 4*j = k - 6361. Is k prime?
False
Suppose -c + 2802 = -s + 51429, -4*s - 2*c + 194520 = 0. Is s a prime number?
False
Let q(n) = -n**3 - 5*n**2 - 6*n - 14. Is q(-8) a prime number?
False
Suppose -2*k + 24 = 4*k. Let q(i) = 20*i**2 - 3*i - 9. Is q(k) a prime number?
False
Suppose -7766 = -o - 5*c, 4*o - 4*c = o + 23203. Is o a prime number?
True
Suppose 0 = -3*y - 3*x + 12, 4 = 5*y - y - 2*x. Suppose 3 = y*v - 5*v, -5*v = r + 27. Is r/(-55) - (-1863)/5 composite?
False
Let c be ((-1908)/21)/((-6)/1071). Let r be (-6)/21 + c/21. Suppose -r - 483 = -5*z. Is z composite?
False
Let t = 3 - 3. Suppose t = 4*u - u - 12. Suppose -u*m + 0*r + 352 = 2*r, -5*m + 5*r + 455 = 0. Is m a prime number?
True
Let b(z) be the second derivative of z**3/6 - z**2 + 4*z. Let h be b(5). Suppose 4*q - x = 424, h*x + 212 = 2*q - 2*x. Is q a prime number?
False
Let i be ((-2)/(1 - 9))/(4/(-16)). Is (0 + i)/(-6 - (-9267)/1545) prime?
False
Let j(g) = g**3 - 9*g**2 + g - 3. Let p be j(9). Is 0 + -4*p/(-8) + 1532 composite?
True
Suppose 2*z - 6*z = -16. Suppose 0*g + 5*g - 565 = 4*b, -3*b = z*g + 447. Let w = b + 294. Is w prime?
True
Let l = 4955 - 1690. Is l composite?
True
Let f(m) = 16*m + 15. Suppose 188 + 72 = 5*u. Suppose 0*q + 4*q = u. Is f(q) a prime number?
True
Let h be (-220)/(-18) + -3*2/27. Suppose -973 = -h*y + 5*y. Is y prime?
True
Let n = 16043 - 8058. Is n composite?
True
Let c = -35 - -38. Suppose 303 + 1620 = c*u. Is u prime?
True
Suppose 41*m - 77 = 48*m. Let o = -114 + 160. Let y = m + o. Is y composite?
True
Let q = -801 + 278. Is 3 + 2 + -1 - q a prime number?
False
Let b = -9 + 2. Let q = -3 - b. Suppose 0 = q*y - p - 279, 0*y - 4*p + 91 = y. Is y a composite number?
False
Let b(w) = 54*w**3 - 12*w**2 - 5*w - 4. Is b(5) prime?
True
Let g = 406 - -4341. Is g prime?
False
Suppose 0 = -3*g + 6, -4*f - 5*g + 8142 + 1776 = 0. Is f composite?
False
Let f be 1/7 - (-3331)/7. Is (f/6)/(8/12) a prime number?
False
Suppose 2*g = -4*q + 176395 - 53295, -61566 = -2*q - 5*g. Is q a composite number?
False
Let u be 6 - 3 - (-3903)/3. Suppose y - u = -4*c - 4*y, -2*c + 3*y = -674. Is c a prime number?
True
Let c(v) = -9*v**2 + 5*v + 6. Let p be c(-1). Let f(h) = h**3 + 12*h**2 + 15*h + 25. Is f(p) a composite number?
True
Let y(c) = 6*c + 169. Is y(8) a composite number?
True
Let v be 2/8 + (9765/(-12))/(-1). Is 3*1 + v + 0 prime?
False
Let s = 5 + -5. Let f be -7 + 4 + (371 - s). Suppose -2*l + 434 = -4*m, -3*l - f + 1022 = -5*m. Is l prime?
True
Let t(f) be the second derivative of f**4/12 - f**3/3 - 10*f. Let p be t(3). Suppose -3665 = -2*a - p*a. Is a a prime number?
True
Suppose -3*q - q = -80. Suppose 2*s = 5*y - 40, -s + q = y + s. Let u(h) = -h**3 + 12*h**2 - 9*h + 9. Is u(y) a composite number?
True
Let s = 6655 + -3866. Is s a prime number?
True
Suppose 0 = -0*f - 4*f + 8. Is 260 + f + 12/4 a composite number?
True
Let r be (-2)/(((-60)/245)/(-6)). Let n = 90 - 18. Let w = n + r. Is w a prime number?
True
Let s = 690 + -397. Is s prime?
True
Let x(v) = -3. Let b(k) = -1. Let d(q) = -2*b(q) + x(q). Let j(y) = -57*y - 3. Let i(l) = -2*d(l) + j(l). Is i(-2) composite?
False
Suppose -728 = -c - 6*c. Suppose -1860 = -4*o + c. Is o a prime number?
True
Is ((-85677500)/(-80))/43 - 6/(-8) prime?
True
Let k(n) = 3*n**3 - 3*n**2 - 3*n + 1. Let f be k(4). Suppose -u + 102 = -f. Is u prime?
False
Suppose -2 = -x - 1. Let i(y) = 137*y - 2. Let p(s) = 136*s - 3. Let h(z) = 3*i(z) - 2*p(z). Is h(x) prime?
True
Let c(s) = s**2 - s - 9. Let z be c(-3). Let a(l) = -9*l**3 + l**2 - 1. Let x be a(1). Is (373/z)/((-3)/x) a composite number?
False
Let n = -2825 + 4978. Is n a prime number?
True
Let k = 17792 + -11193. Is k a composite number?
False
Suppose 26*k - 331672 = 458130. Is k prime?
False
Suppose -c = 4*h + 8 + 8, -3*c - 5*h - 13 = 0. Suppose c*f = 8 + 8. Is 85/f + (-15)/60 a composite number?
True
Suppose -4*n + 21 + 3 = 0. Is (-3786)/4*(-4)/n a composite number?
False
Let f(i) = 47*i**2 - 9*i + 9. Is f(-13) composite?
False
Let o(r) = r**3 - 13*r**2 + 13. Let k = 42 + -29. Is o(k) a prime number?
True
Let d be (-5 + 2 - -4) + -4. Let x = d - -3. Suppose 106 = -5*l + s + 316, l - 2*s - 33 = x. Is l prime?
True
Let y = 218 + -50. Suppose -5*f = -149 - 30